{"id":14,"date":"2020-06-15T14:46:59","date_gmt":"2020-06-15T13:46:59","guid":{"rendered":"http:\/\/igbce-penzberg.de\/?page_id=14"},"modified":"2022-09-14T09:04:45","modified_gmt":"2022-09-14T08:04:45","slug":"ortsgruppe","status":"publish","type":"page","link":"https:\/\/www.igbce-penzberg.de\/?page_id=14","title":{"rendered":"Ortsgruppe"},"content":{"rendered":"\n<p>Nicht nur im Betrieb \u2013 auch vor Ort ist die IG BCE durch ihre Mitglieder politisch aktiv. Jedes Mitglied kann fachliche Kompetenz, Erfahrungen aus dem Beruf und aus dem Alltagsgeschehen in die Gewerkschaftsarbeit der Ortsgruppe einbringen.<br>Die Angebote der Ortsgruppen sind vielf\u00e4ltig. Dies beginnt in der Bildungsarbeit, in der Betreuung der Mitglieder oder im Freizeitbereich. Auch in der Kommunalpolitik hat die IG BCE an vielen Orten eine wichtige Stimme.<br>Demokratisch und klar. Dieses Prinzip gilt auch f\u00fcr die Gremien vor Ort. Die Mitglieder der Ortsgruppe w\u00e4hlen ihre Vorst\u00e4nde selbst und haben zu gewerkschaftlichen Wahlen ein Vorschlagsrecht.<\/p>\n\n\n\n<figure class=\"wp-block-table aligncenter is-style-stripes\"><table><tbody><tr><td class=\"has-text-align-center\" data-align=\"center\"><strong>Ortsgruppenvorstand<\/strong><\/td><td class=\"has-text-align-center\" data-align=\"center\"><\/td><td class=\"has-text-align-center\" data-align=\"center\"><\/td><td class=\"has-text-align-center\" data-align=\"center\"><\/td><\/tr><tr><td class=\"has-text-align-center\" data-align=\"center\"> <img loading=\"lazy\" decoding=\"async\" width=\"150\" height=\"225\" class=\"wp-image-453\" style=\"width: 150px;\" src=\"https:\/\/www.igbce-penzberg.de\/wp-content\/uploads\/2021\/12\/Ortsgruppe-Matthias-Luniak.png\" alt=\"\"> <\/td><td class=\"has-text-align-center\" data-align=\"center\"><img loading=\"lazy\" decoding=\"async\" width=\"150\" height=\"225\" class=\"wp-image-455\" style=\"width: 150px;\" src=\"https:\/\/www.igbce-penzberg.de\/wp-content\/uploads\/2021\/12\/Ortsgruppe-Peter-Maier.jpg\" alt=\"\"><\/td><td class=\"has-text-align-center\" data-align=\"center\"><img decoding=\"async\" src=\"https:\/\/www.igbce-penzberg.de\/wp-content\/uploads\/2021\/12\/Ortsgruppe-Patrick-Bauer.jpg\" alt=\"\">  <\/td><td class=\"has-text-align-center\" data-align=\"center\"><\/td><\/tr><tr><td class=\"has-text-align-center\" data-align=\"center\">Matthias Luniak<\/td><td class=\"has-text-align-center\" data-align=\"center\"> Peter Maier<\/td><td class=\"has-text-align-center\" data-align=\"center\">Patrick Bauer<\/td><td class=\"has-text-align-center\" data-align=\"center\"><\/td><\/tr><tr><td class=\"has-text-align-center\" data-align=\"center\"> <img loading=\"lazy\" decoding=\"async\" width=\"150\" height=\"225\" class=\"wp-image-457\" style=\"width: 150px;\" src=\"https:\/\/www.igbce-penzberg.de\/wp-content\/uploads\/2021\/12\/Ortsgruppe-Sandra-Werner.jpg\" alt=\"\"> <\/td><td class=\"has-text-align-center\" data-align=\"center\"> <img loading=\"lazy\" decoding=\"async\" width=\"150\" height=\"225\" class=\"wp-image-456\" style=\"width: 150px;\" src=\"https:\/\/www.igbce-penzberg.de\/wp-content\/uploads\/2021\/12\/Ortsgruppe-Rene-Thomann.jpg\" alt=\"\"> <\/td><td class=\"has-text-align-center\" data-align=\"center\"><img decoding=\"async\" src=\"https:\/\/www.igbce-penzberg.de\/wp-content\/uploads\/2021\/12\/Ortsgruppe-Guido-Werner.jpg\" alt=\"\"><\/td><td class=\"has-text-align-center\" data-align=\"center\">  <\/td><\/tr><tr><td class=\"has-text-align-center\" data-align=\"center\">Sandra Werner<\/td><td class=\"has-text-align-center\" data-align=\"center\">Ren\u00e9 Thomann<\/td><td class=\"has-text-align-center\" data-align=\"center\">Guido Werner<\/td><td class=\"has-text-align-center\" data-align=\"center\"><\/td><\/tr><\/tbody><\/table><\/figure>\n\n\n\n<p><strong>Die Mitglieder stehen im Mittelpunkt<\/strong><\/p>\n\n\n\n<p>Die politische Verantwortung f\u00fcr die Betreuung der Mitglieder tr\u00e4gt der zust\u00e4ndige Bezirk.<br>Dieser ist auf dem IG BCE Mitgliedsausweis ausgewiesen. Penzberg ist dem Bezirk M\u00fcnchen zugeordnet.<br>Die Kolleginnen und Kollegen des Bezirks&nbsp;stehen Interessenten zu allen Fragen der Mitgliedschaft gerne zur Verf\u00fcgung \u2013 vom Mitgliedsbeitrag \u00fcber arbeitsrechtliche Probleme bis hin zur Er\u00f6rterung der M\u00f6glichkeiten einer Mitarbeit.<\/p>\n\n\n\n<div class=\"wp-block-image\"><figure class=\"aligncenter size-large is-resized\"><img decoding=\"async\" src=\"https:\/\/www.igbce-penzberg.de\/wp-content\/uploads\/2022\/01\/2021-Sommerfest-1024x408.jpg\" alt=\"\" class=\"wp-image-475\" width=\"450\" srcset=\"https:\/\/www.igbce-penzberg.de\/wp-content\/uploads\/2022\/01\/2021-Sommerfest-1024x408.jpg 1024w, https:\/\/www.igbce-penzberg.de\/wp-content\/uploads\/2022\/01\/2021-Sommerfest-300x120.jpg 300w, https:\/\/www.igbce-penzberg.de\/wp-content\/uploads\/2022\/01\/2021-Sommerfest-768x306.jpg 768w, https:\/\/www.igbce-penzberg.de\/wp-content\/uploads\/2022\/01\/2021-Sommerfest-1536x612.jpg 1536w, https:\/\/www.igbce-penzberg.de\/wp-content\/uploads\/2022\/01\/2021-Sommerfest-2048x816.jpg 2048w, https:\/\/www.igbce-penzberg.de\/wp-content\/uploads\/2022\/01\/2021-Sommerfest-1140x454.jpg 1140w\" sizes=\"(max-width: 1024px) 100vw, 1024px\" \/><figcaption>Sommerfest ASV St\u00fcberl 2021<\/figcaption><\/figure><\/div>\n\n\n\n<div class=\"wp-block-image\"><figure class=\"aligncenter size-large is-resized\"><img decoding=\"async\" src=\"https:\/\/www.igbce-penzberg.de\/wp-content\/uploads\/2022\/01\/DGB-100-Jahre-Penzberg-Gruppenfoto-2019-1024x768.jpg\" alt=\"\" class=\"wp-image-476\" width=\"450\" srcset=\"https:\/\/www.igbce-penzberg.de\/wp-content\/uploads\/2022\/01\/DGB-100-Jahre-Penzberg-Gruppenfoto-2019-1024x768.jpg 1024w, https:\/\/www.igbce-penzberg.de\/wp-content\/uploads\/2022\/01\/DGB-100-Jahre-Penzberg-Gruppenfoto-2019-300x225.jpg 300w, https:\/\/www.igbce-penzberg.de\/wp-content\/uploads\/2022\/01\/DGB-100-Jahre-Penzberg-Gruppenfoto-2019-768x576.jpg 768w, https:\/\/www.igbce-penzberg.de\/wp-content\/uploads\/2022\/01\/DGB-100-Jahre-Penzberg-Gruppenfoto-2019-1536x1152.jpg 1536w, https:\/\/www.igbce-penzberg.de\/wp-content\/uploads\/2022\/01\/DGB-100-Jahre-Penzberg-Gruppenfoto-2019-2048x1536.jpg 2048w, https:\/\/www.igbce-penzberg.de\/wp-content\/uploads\/2022\/01\/DGB-100-Jahre-Penzberg-Gruppenfoto-2019-1140x855.jpg 1140w\" sizes=\"(max-width: 1024px) 100vw, 1024px\" \/><figcaption>DGB 100 Jahre Penzberg Gruppenfoto 2019<\/figcaption><\/figure><\/div>\n\n\n\n<div class=\"wp-block-image\"><figure class=\"aligncenter size-large\"><img loading=\"lazy\" decoding=\"async\" width=\"450\" height=\"338\" src=\"http:\/\/igbce-penzberg.de\/wp-content\/uploads\/2020\/06\/Ortgruppe-01.jpg\" alt=\"\" class=\"wp-image-191\" srcset=\"https:\/\/www.igbce-penzberg.de\/wp-content\/uploads\/2020\/06\/Ortgruppe-01.jpg 450w, https:\/\/www.igbce-penzberg.de\/wp-content\/uploads\/2020\/06\/Ortgruppe-01-300x225.jpg 300w\" sizes=\"auto, (max-width: 450px) 100vw, 450px\" \/><figcaption>Sommerfest am Huberer Weiher<\/figcaption><\/figure><\/div>\n\n\n\n<div class=\"wp-block-image\"><figure class=\"aligncenter size-large\"><img loading=\"lazy\" decoding=\"async\" width=\"450\" height=\"338\" src=\"http:\/\/igbce-penzberg.de\/wp-content\/uploads\/2020\/06\/Ortgruppe-02.jpg\" alt=\"\" class=\"wp-image-192\" srcset=\"https:\/\/www.igbce-penzberg.de\/wp-content\/uploads\/2020\/06\/Ortgruppe-02.jpg 450w, https:\/\/www.igbce-penzberg.de\/wp-content\/uploads\/2020\/06\/Ortgruppe-02-300x225.jpg 300w\" sizes=\"auto, (max-width: 450px) 100vw, 450px\" \/><figcaption>Die IG BCE Ortsgruppe Penzberg 50 Jahre Bergwerkschlie\u00dfung Penzberg<\/figcaption><\/figure><\/div>\n\n\n\n<div class=\"wp-block-image\"><figure class=\"aligncenter size-large\"><img loading=\"lazy\" decoding=\"async\" width=\"450\" height=\"253\" src=\"http:\/\/igbce-penzberg.de\/wp-content\/uploads\/2020\/06\/Ortgruppe-04.jpg\" alt=\"\" class=\"wp-image-194\" srcset=\"https:\/\/www.igbce-penzberg.de\/wp-content\/uploads\/2020\/06\/Ortgruppe-04.jpg 450w, https:\/\/www.igbce-penzberg.de\/wp-content\/uploads\/2020\/06\/Ortgruppe-04-300x169.jpg 300w\" sizes=\"auto, (max-width: 450px) 100vw, 450px\" \/><figcaption>Die IG BCE Ortsgruppe Aktion: Bahnhof Penzberg<\/figcaption><\/figure><\/div>\n\n\n\n<p><\/p>\n","protected":false},"excerpt":{"rendered":"<p>Nicht nur im Betrieb \u2013 auch vor Ort ist die IG BCE durch ihre Mitglieder politisch aktiv. Jedes Mitglied kann fachliche Kompetenz, Erfahrungen aus dem Beruf und aus dem Alltagsgeschehen in die Gewerkschaftsarbeit der Ortsgruppe einbringen.Die Angebote der Ortsgruppen sind vielf\u00e4ltig. Dies beginnt in der Bildungsarbeit, in der Betreuung der Mitglieder oder im Freizeitbereich. Auch in der Kommunalpolitik hat die IG BCE an vielen Orten eine wichtige Stimme.Demokratisch und klar. Dieses Prinzip gilt auch f\u00fcr die Gremien vor Ort. Die Mitglieder der Ortsgruppe w\u00e4hlen ihre Vorst\u00e4nde selbst und haben zu gewerkschaftlichen Wahlen ein Vorschlagsrecht. Ortsgruppenvorstand Matthias Luniak Peter Maier Patrick Bauer Sandra Werner Ren\u00e9 Thomann Guido Werner Die Mitglieder stehen im Mittelpunkt Die politische Verantwortung f\u00fcr die Betreuung der Mitglieder tr\u00e4gt der zust\u00e4ndige Bezirk.Dieser ist auf dem IG BCE Mitgliedsausweis ausgewiesen. Penzberg ist dem Bezirk M\u00fcnchen zugeordnet.Die Kolleginnen und Kollegen des Bezirks&nbsp;stehen Interessenten zu allen Fragen der Mitgliedschaft gerne zur Verf\u00fcgung \u2013 vom Mitgliedsbeitrag \u00fcber arbeitsrechtliche Probleme bis hin zur Er\u00f6rterung der M\u00f6glichkeiten einer Mitarbeit.<\/p>\n","protected":false},"author":1,"featured_media":0,"parent":0,"menu_order":0,"comment_status":"closed","ping_status":"closed","template":"","meta":{"footnotes":""},"class_list":["post-14","page","type-page","status-publish","hentry"],"acf":[],"_links":{"self":[{"href":"https:\/\/www.igbce-penzberg.de\/index.php?rest_route=\/wp\/v2\/pages\/14","targetHints":{"allow":["GET"]}}],"collection":[{"href":"https:\/\/www.igbce-penzberg.de\/index.php?rest_route=\/wp\/v2\/pages"}],"about":[{"href":"https:\/\/www.igbce-penzberg.de\/index.php?rest_route=\/wp\/v2\/types\/page"}],"author":[{"embeddable":true,"href":"https:\/\/www.igbce-penzberg.de\/index.php?rest_route=\/wp\/v2\/users\/1"}],"replies":[{"embeddable":true,"href":"https:\/\/www.igbce-penzberg.de\/index.php?rest_route=%2Fwp%2Fv2%2Fcomments&post=14"}],"version-history":[{"count":24,"href":"https:\/\/www.igbce-penzberg.de\/index.php?rest_route=\/wp\/v2\/pages\/14\/revisions"}],"predecessor-version":[{"id":678,"href":"https:\/\/www.igbce-penzberg.de\/index.php?rest_route=\/wp\/v2\/pages\/14\/revisions\/678"}],"wp:attachment":[{"href":"https:\/\/www.igbce-penzberg.de\/index.php?rest_route=%2Fwp%2Fv2%2Fmedia&parent=14"}],"curies":[{"name":"wp","href":"https:\/\/api.w.org\/{rel}","templated":true}]}}

<p>Nicht nur im Betrieb – auch vor Ort ist die IG BCE durch ihre Mitglieder politisch aktiv. Jedes Mitglied kann fachliche Kompetenz, Erfahrungen aus dem Beruf und aus dem Alltagsgeschehen in die Gewerkschaftsarbeit der Ortsgruppe einbringen.<br>Die Angebote der Ortsgruppen sind vielfältig. Dies beginnt in der Bildungsarbeit, in der Betreuung der Mitglieder oder im Freizeitbereich. Auch in der Kommunalpolitik hat die IG BCE an vielen Orten eine wichtige Stimme.<br>Demokratisch und klar. Dieses Prinzip gilt auch für die Gremien vor Ort. Die Mitglieder der Ortsgruppe wählen ihre Vorstände selbst und haben zu gewerkschaftlichen Wahlen ein Vorschlagsrecht.</p>



<figure class="wp-block-table aligncenter is-style-stripes"><table><tbody><tr><td class="has-text-align-center" data-align="center"><strong>Ortsgruppenvorstand</strong></td><td class="has-text-align-center" data-align="center"></td><td class="has-text-align-center" data-align="center"></td><td class="has-text-align-center" data-align="center"></td></tr><tr><td class="has-text-align-center" data-align="center"> <img loading="lazy" decoding="async" width="150" height="225" class="wp-image-453" style="width: 150px;" src="https://www.igbce-penzberg.de/wp-content/uploads/2021/12/Ortsgruppe-Matthias-Luniak.png" alt=""> </td><td class="has-text-align-center" data-align="center"><img loading="lazy" decoding="async" width="150" height="225" class="wp-image-455" style="width: 150px;" src="https://www.igbce-penzberg.de/wp-content/uploads/2021/12/Ortsgruppe-Peter-Maier.jpg" alt=""></td><td class="has-text-align-center" data-align="center"><img decoding="async" src="https://www.igbce-penzberg.de/wp-content/uploads/2021/12/Ortsgruppe-Patrick-Bauer.jpg" alt="">  </td><td class="has-text-align-center" data-align="center"></td></tr><tr><td class="has-text-align-center" data-align="center">Matthias Luniak</td><td class="has-text-align-center" data-align="center"> Peter Maier</td><td class="has-text-align-center" data-align="center">Patrick Bauer</td><td class="has-text-align-center" data-align="center"></td></tr><tr><td class="has-text-align-center" data-align="center"> <img loading="lazy" decoding="async" width="150" height="225" class="wp-image-457" style="width: 150px;" src="https://www.igbce-penzberg.de/wp-content/uploads/2021/12/Ortsgruppe-Sandra-Werner.jpg" alt=""> </td><td class="has-text-align-center" data-align="center"> <img loading="lazy" decoding="async" width="150" height="225" class="wp-image-456" style="width: 150px;" src="https://www.igbce-penzberg.de/wp-content/uploads/2021/12/Ortsgruppe-Rene-Thomann.jpg" alt=""> </td><td class="has-text-align-center" data-align="center"><img decoding="async" src="https://www.igbce-penzberg.de/wp-content/uploads/2021/12/Ortsgruppe-Guido-Werner.jpg" alt=""></td><td class="has-text-align-center" data-align="center">  </td></tr><tr><td class="has-text-align-center" data-align="center">Sandra Werner</td><td class="has-text-align-center" data-align="center">René Thomann</td><td class="has-text-align-center" data-align="center">Guido Werner</td><td class="has-text-align-center" data-align="center"></td></tr></tbody></table></figure>



<p><strong>Die Mitglieder stehen im Mittelpunkt</strong></p>



<p>Die politische Verantwortung für die Betreuung der Mitglieder trägt der zuständige Bezirk.<br>Dieser ist auf dem IG BCE Mitgliedsausweis ausgewiesen. Penzberg ist dem Bezirk München zugeordnet.<br>Die Kolleginnen und Kollegen des Bezirks&nbsp;stehen Interessenten zu allen Fragen der Mitgliedschaft gerne zur Verfügung – vom Mitgliedsbeitrag über arbeitsrechtliche Probleme bis hin zur Erörterung der Möglichkeiten einer Mitarbeit.</p>



<div class="wp-block-image"><figure class="aligncenter size-large is-resized"><img decoding="async" src="https://www.igbce-penzberg.de/wp-content/uploads/2022/01/2021-Sommerfest-1024x408.jpg" alt="" class="wp-image-475" width="450" srcset="https://www.igbce-penzberg.de/wp-content/uploads/2022/01/2021-Sommerfest-1024x408.jpg 1024w, https://www.igbce-penzberg.de/wp-content/uploads/2022/01/2021-Sommerfest-300x120.jpg 300w, https://www.igbce-penzberg.de/wp-content/uploads/2022/01/2021-Sommerfest-768x306.jpg 768w, https://www.igbce-penzberg.de/wp-content/uploads/2022/01/2021-Sommerfest-1536x612.jpg 1536w, https://www.igbce-penzberg.de/wp-content/uploads/2022/01/2021-Sommerfest-2048x816.jpg 2048w, https://www.igbce-penzberg.de/wp-content/uploads/2022/01/2021-Sommerfest-1140x454.jpg 1140w" sizes="(max-width: 1024px) 100vw, 1024px" /><figcaption>Sommerfest ASV Stüberl 2021</figcaption></figure></div>



<div class="wp-block-image"><figure class="aligncenter size-large is-resized"><img decoding="async" src="https://www.igbce-penzberg.de/wp-content/uploads/2022/01/DGB-100-Jahre-Penzberg-Gruppenfoto-2019-1024x768.jpg" alt="" class="wp-image-476" width="450" srcset="https://www.igbce-penzberg.de/wp-content/uploads/2022/01/DGB-100-Jahre-Penzberg-Gruppenfoto-2019-1024x768.jpg 1024w, https://www.igbce-penzberg.de/wp-content/uploads/2022/01/DGB-100-Jahre-Penzberg-Gruppenfoto-2019-300x225.jpg 300w, https://www.igbce-penzberg.de/wp-content/uploads/2022/01/DGB-100-Jahre-Penzberg-Gruppenfoto-2019-768x576.jpg 768w, https://www.igbce-penzberg.de/wp-content/uploads/2022/01/DGB-100-Jahre-Penzberg-Gruppenfoto-2019-1536x1152.jpg 1536w, https://www.igbce-penzberg.de/wp-content/uploads/2022/01/DGB-100-Jahre-Penzberg-Gruppenfoto-2019-2048x1536.jpg 2048w, https://www.igbce-penzberg.de/wp-content/uploads/2022/01/DGB-100-Jahre-Penzberg-Gruppenfoto-2019-1140x855.jpg 1140w" sizes="(max-width: 1024px) 100vw, 1024px" /><figcaption>DGB 100 Jahre Penzberg Gruppenfoto 2019</figcaption></figure></div>



<div class="wp-block-image"><figure class="aligncenter size-large"><img loading="lazy" decoding="async" width="450" height="338" src="http://igbce-penzberg.de/wp-content/uploads/2020/06/Ortgruppe-01.jpg" alt="" class="wp-image-191" srcset="https://www.igbce-penzberg.de/wp-content/uploads/2020/06/Ortgruppe-01.jpg 450w, https://www.igbce-penzberg.de/wp-content/uploads/2020/06/Ortgruppe-01-300x225.jpg 300w" sizes="auto, (max-width: 450px) 100vw, 450px" /><figcaption>Sommerfest am Huberer Weiher</figcaption></figure></div>



<div class="wp-block-image"><figure class="aligncenter size-large"><img loading="lazy" decoding="async" width="450" height="338" src="http://igbce-penzberg.de/wp-content/uploads/2020/06/Ortgruppe-02.jpg" alt="" class="wp-image-192" srcset="https://www.igbce-penzberg.de/wp-content/uploads/2020/06/Ortgruppe-02.jpg 450w, https://www.igbce-penzberg.de/wp-content/uploads/2020/06/Ortgruppe-02-300x225.jpg 300w" sizes="auto, (max-width: 450px) 100vw, 450px" /><figcaption>Die IG BCE Ortsgruppe Penzberg 50 Jahre Bergwerkschließung Penzberg</figcaption></figure></div>



<div class="wp-block-image"><figure class="aligncenter size-large"><img loading="lazy" decoding="async" width="450" height="253" src="http://igbce-penzberg.de/wp-content/uploads/2020/06/Ortgruppe-04.jpg" alt="" class="wp-image-194" srcset="https://www.igbce-penzberg.de/wp-content/uploads/2020/06/Ortgruppe-04.jpg 450w, https://www.igbce-penzberg.de/wp-content/uploads/2020/06/Ortgruppe-04-300x169.jpg 300w" sizes="auto, (max-width: 450px) 100vw, 450px" /><figcaption>Die IG BCE Ortsgruppe Aktion: Bahnhof Penzberg</figcaption></figure></div>



<p></p>

<p>Nicht nur im Betrieb – auch vor Ort ist die IG BCE durch ihre Mitglieder politisch aktiv. Jedes Mitglied kann fachliche Kompetenz, Erfahrungen aus dem Beruf und aus dem Alltagsgeschehen in die Gewerkschaftsarbeit der Ortsgruppe einbringen.Die Angebote der Ortsgruppen sind vielfältig. Dies beginnt in der Bildungsarbeit, in der Betreuung der Mitglieder oder im Freizeitbereich. Auch in der Kommunalpolitik hat die IG BCE an vielen Orten eine wichtige Stimme.Demokratisch und klar. Dieses Prinzip gilt auch für die Gremien vor Ort. Die Mitglieder der Ortsgruppe wählen ihre Vorstände selbst und haben zu gewerkschaftlichen Wahlen ein Vorschlagsrecht. Ortsgruppenvorstand Matthias Luniak Peter Maier Patrick Bauer Sandra Werner René Thomann Guido Werner Die Mitglieder stehen im Mittelpunkt Die politische Verantwortung für die Betreuung der Mitglieder trägt der zuständige Bezirk.Dieser ist auf dem IG BCE Mitgliedsausweis ausgewiesen. Penzberg ist dem Bezirk München zugeordnet.Die Kolleginnen und Kollegen des Bezirks&nbsp;stehen Interessenten zu allen Fragen der Mitgliedschaft gerne zur Verfügung – vom Mitgliedsbeitrag über arbeitsrechtliche Probleme bis hin zur Erörterung der Möglichkeiten einer Mitarbeit.</p>
