{"id":208,"date":"2020-06-15T18:18:28","date_gmt":"2020-06-15T17:18:28","guid":{"rendered":"http:\/\/igbce-penzberg.de\/?page_id=208"},"modified":"2026-02-12T08:54:09","modified_gmt":"2026-02-12T07:54:09","slug":"neuigkeiten","status":"publish","type":"page","link":"https:\/\/www.igbce-penzberg.de\/","title":{"rendered":"Neuigkeiten"},"content":{"rendered":"\n<div class=\"wp-block-group\"><div class=\"wp-block-group__inner-container is-layout-flow wp-block-group-is-layout-flow\"><div class=\"wp-block-image\">\n<figure class=\"aligncenter size-large\"><a href=\"https:\/\/sites.google.com\/roche.com\/igbce-penzberg\/betriebsratswahl-2026\" target=\"_blank\" rel=\" noreferrer noopener\"><img loading=\"lazy\" decoding=\"async\" width=\"1024\" height=\"575\" src=\"https:\/\/www.igbce-penzberg.de\/wp-content\/uploads\/2026\/02\/Startschuss-1024x575.png\" alt=\"\" class=\"wp-image-883\" srcset=\"https:\/\/www.igbce-penzberg.de\/wp-content\/uploads\/2026\/02\/Startschuss-1024x575.png 1024w, https:\/\/www.igbce-penzberg.de\/wp-content\/uploads\/2026\/02\/Startschuss-300x169.png 300w, https:\/\/www.igbce-penzberg.de\/wp-content\/uploads\/2026\/02\/Startschuss-768x431.png 768w, https:\/\/www.igbce-penzberg.de\/wp-content\/uploads\/2026\/02\/Startschuss-1140x640.png 1140w, https:\/\/www.igbce-penzberg.de\/wp-content\/uploads\/2026\/02\/Startschuss.png 1280w\" sizes=\"auto, (max-width: 1024px) 100vw, 1024px\" \/><\/a><\/figure>\n<\/div>\n\n\n<p class=\"has-text-align-center has-medium-font-size\"><strong>Alle Infos, die \u00dcbersicht der Kandidaten sowie \u00d6ffnungszeiten der Wahllokale findet ihr auf unserer GSite:<\/strong><\/p>\n\n\n\n<p class=\"has-text-align-center has-medium-font-size\"><strong><a href=\"https:\/\/sites.google.com\/roche.com\/igbce-penzberg\/betriebsratswahl-2026\" target=\"_blank\" rel=\"noreferrer noopener\">https:\/\/sites.google.com\/roche.com\/igbce-penzberg\/betriebsratswahl-2026<\/a><\/strong><\/p>\n<\/div><\/div>\n\n\n\n<p><\/p>\n\n\n\n<div class=\"wp-block-group\"><div class=\"wp-block-group__inner-container is-layout-flow wp-block-group-is-layout-flow\">\n<p class=\"has-text-align-center has-medium-font-size\"><strong>Besucht uns gerne auf unserer neuen Vertrauensleute GSite:<\/strong><\/p>\n\n\n\n<p class=\"has-text-align-center has-medium-font-size\"><a href=\"https:\/\/sites.google.com\/roche.com\/igbce-penzberg\" target=\"_blank\" rel=\"noreferrer noopener\"><strong>https:\/\/sites.google.com\/roche.com\/igbce-penzberg<\/strong><\/a><\/p>\n<\/div><\/div>\n\n\n\n<p><\/p>\n\n\n\n<p><\/p>\n\n\n\n<figure class=\"wp-block-image size-large\"><img loading=\"lazy\" decoding=\"async\" width=\"1024\" height=\"680\" src=\"https:\/\/www.igbce-penzberg.de\/wp-content\/uploads\/2025\/03\/Tariferhoehung04-2025-1024x680.png\" alt=\"\" class=\"wp-image-807\" srcset=\"https:\/\/www.igbce-penzberg.de\/wp-content\/uploads\/2025\/03\/Tariferhoehung04-2025-1024x680.png 1024w, https:\/\/www.igbce-penzberg.de\/wp-content\/uploads\/2025\/03\/Tariferhoehung04-2025-300x199.png 300w, https:\/\/www.igbce-penzberg.de\/wp-content\/uploads\/2025\/03\/Tariferhoehung04-2025-768x510.png 768w, https:\/\/www.igbce-penzberg.de\/wp-content\/uploads\/2025\/03\/Tariferhoehung04-2025-1140x757.png 1140w, https:\/\/www.igbce-penzberg.de\/wp-content\/uploads\/2025\/03\/Tariferhoehung04-2025.png 1200w\" sizes=\"auto, (max-width: 1024px) 100vw, 1024px\" \/><\/figure>\n\n\n\n<div class=\"wp-block-group\"><div class=\"wp-block-group__inner-container is-layout-flow wp-block-group-is-layout-flow\">\n<hr class=\"wp-block-separator has-alpha-channel-opacity\"\/>\n\n\n\n<p class=\"has-text-align-center\"><strong>Eure Vertrauensleute nach der 1. Sitzung:<\/strong><\/p>\n\n\n\n<figure class=\"wp-block-image size-large\"><img loading=\"lazy\" decoding=\"async\" width=\"1024\" height=\"991\" src=\"https:\/\/www.igbce-penzberg.de\/wp-content\/uploads\/2024\/07\/Gruppenfoto-1024x991.jpg\" alt=\"\" class=\"wp-image-745\" srcset=\"https:\/\/www.igbce-penzberg.de\/wp-content\/uploads\/2024\/07\/Gruppenfoto-1024x991.jpg 1024w, https:\/\/www.igbce-penzberg.de\/wp-content\/uploads\/2024\/07\/Gruppenfoto-300x290.jpg 300w, https:\/\/www.igbce-penzberg.de\/wp-content\/uploads\/2024\/07\/Gruppenfoto-768x743.jpg 768w, https:\/\/www.igbce-penzberg.de\/wp-content\/uploads\/2024\/07\/Gruppenfoto-1536x1486.jpg 1536w, https:\/\/www.igbce-penzberg.de\/wp-content\/uploads\/2024\/07\/Gruppenfoto-2048x1982.jpg 2048w, https:\/\/www.igbce-penzberg.de\/wp-content\/uploads\/2024\/07\/Gruppenfoto-1140x1103.jpg 1140w\" sizes=\"auto, (max-width: 1024px) 100vw, 1024px\" \/><\/figure>\n<\/div><\/div>\n\n\n\n<p><\/p>\n\n\n\n<div class=\"wp-block-group\"><div class=\"wp-block-group__inner-container is-layout-flow wp-block-group-is-layout-flow\"><div class=\"wp-block-image\">\n<figure class=\"aligncenter size-full\"><img loading=\"lazy\" decoding=\"async\" width=\"600\" height=\"150\" src=\"https:\/\/www.igbce-penzberg.de\/wp-content\/uploads\/2024\/04\/240109_igbce_tarifrunde_2024.jpg\" alt=\"\" class=\"wp-image-733\" srcset=\"https:\/\/www.igbce-penzberg.de\/wp-content\/uploads\/2024\/04\/240109_igbce_tarifrunde_2024.jpg 600w, https:\/\/www.igbce-penzberg.de\/wp-content\/uploads\/2024\/04\/240109_igbce_tarifrunde_2024-300x75.jpg 300w\" sizes=\"auto, (max-width: 600px) 100vw, 600px\" \/><\/figure>\n<\/div><\/div><\/div>\n\n\n\n<p><\/p>\n\n\n\n<div class=\"wp-block-group\"><div class=\"wp-block-group__inner-container is-layout-flow wp-block-group-is-layout-flow\"><\/div><\/div>\n\n\n\n<p><strong>Liebe Kolleg:innen, wir bedanken uns ganz herzlich f\u00fcr eure Stimmen bei der Betriebsratswahl!<\/strong><br><strong>Unsere gew\u00e4hlten Kandidat:innen samt ihren Steckbriefen findet ihr im Reiter &#8222;<a href=\"https:\/\/www.igbce-penzberg.de\/?page_id=493\" target=\"_blank\" rel=\"noreferrer noopener\">Roche Betriebsr\u00e4te der IGBCE<\/a>&#8222;.<\/strong><br><br><\/p>\n\n\n\n<div class=\"wp-block-group\"><div class=\"wp-block-group__inner-container is-layout-flow wp-block-group-is-layout-flow\"><\/div><\/div>\n\n\n\n<p><br><br><\/p>\n\n\n<div class=\"wp-block-image is-resized\">\n<figure class=\"aligncenter size-large\"><a href=\"https:\/\/www.igbce-penzberg.de\/wp-content\/uploads\/2021\/08\/Aushang-VL-2021.pdf\" target=\"_blank\" rel=\"noopener\"><img loading=\"lazy\" decoding=\"async\" width=\"1024\" height=\"576\" src=\"https:\/\/www.igbce-penzberg.de\/wp-content\/uploads\/2021\/08\/VK-Aushang-1024x576.png\" alt=\"\" class=\"wp-image-409\" srcset=\"https:\/\/www.igbce-penzberg.de\/wp-content\/uploads\/2021\/08\/VK-Aushang-1024x576.png 1024w, https:\/\/www.igbce-penzberg.de\/wp-content\/uploads\/2021\/08\/VK-Aushang-300x169.png 300w, https:\/\/www.igbce-penzberg.de\/wp-content\/uploads\/2021\/08\/VK-Aushang-768x432.png 768w, https:\/\/www.igbce-penzberg.de\/wp-content\/uploads\/2021\/08\/VK-Aushang-1536x864.png 1536w, https:\/\/www.igbce-penzberg.de\/wp-content\/uploads\/2021\/08\/VK-Aushang-2048x1152.png 2048w, https:\/\/www.igbce-penzberg.de\/wp-content\/uploads\/2021\/08\/VK-Aushang-1140x641.png 1140w\" sizes=\"auto, (max-width: 1024px) 100vw, 1024px\" \/><\/a><\/figure>\n<\/div>\n\n\n<p><br><\/p>\n","protected":false},"excerpt":{"rendered":"<p>Alle Infos, die \u00dcbersicht der Kandidaten sowie \u00d6ffnungszeiten der Wahllokale findet ihr auf unserer GSite: https:\/\/sites.google.com\/roche.com\/igbce-penzberg\/betriebsratswahl-2026 Besucht uns gerne auf unserer neuen Vertrauensleute GSite: https:\/\/sites.google.com\/roche.com\/igbce-penzberg Eure Vertrauensleute nach der 1. Sitzung: Liebe Kolleg:innen, wir bedanken uns ganz herzlich f\u00fcr eure Stimmen bei der Betriebsratswahl!Unsere gew\u00e4hlten Kandidat:innen samt ihren Steckbriefen findet ihr im Reiter &#8222;Roche Betriebsr\u00e4te der IGBCE&#8222;.<\/p>\n","protected":false},"author":1,"featured_media":0,"parent":0,"menu_order":0,"comment_status":"closed","ping_status":"closed","template":"","meta":{"footnotes":""},"class_list":["post-208","page","type-page","status-publish","hentry"],"acf":[],"_links":{"self":[{"href":"https:\/\/www.igbce-penzberg.de\/index.php?rest_route=\/wp\/v2\/pages\/208","targetHints":{"allow":["GET"]}}],"collection":[{"href":"https:\/\/www.igbce-penzberg.de\/index.php?rest_route=\/wp\/v2\/pages"}],"about":[{"href":"https:\/\/www.igbce-penzberg.de\/index.php?rest_route=\/wp\/v2\/types\/page"}],"author":[{"embeddable":true,"href":"https:\/\/www.igbce-penzberg.de\/index.php?rest_route=\/wp\/v2\/users\/1"}],"replies":[{"embeddable":true,"href":"https:\/\/www.igbce-penzberg.de\/index.php?rest_route=%2Fwp%2Fv2%2Fcomments&post=208"}],"version-history":[{"count":79,"href":"https:\/\/www.igbce-penzberg.de\/index.php?rest_route=\/wp\/v2\/pages\/208\/revisions"}],"predecessor-version":[{"id":887,"href":"https:\/\/www.igbce-penzberg.de\/index.php?rest_route=\/wp\/v2\/pages\/208\/revisions\/887"}],"wp:attachment":[{"href":"https:\/\/www.igbce-penzberg.de\/index.php?rest_route=%2Fwp%2Fv2%2Fmedia&parent=208"}],"curies":[{"name":"wp","href":"https:\/\/api.w.org\/{rel}","templated":true}]}}